{"id":300,"date":"2020-03-19T10:38:56","date_gmt":"2020-03-19T01:38:56","guid":{"rendered":"http:\/\/eradelamujer.org\/?page_id=300"},"modified":"2026-01-28T22:43:59","modified_gmt":"2026-01-29T04:43:59","slug":"2019-11-07-%e5%a5%b3%e6%80%a7%e9%80%a3%e5%90%88%e5%a4%a7%e4%bc%9a","status":"publish","type":"page","link":"https:\/\/eradelamujer.org\/?page_id=300","title":{"rendered":"2019.11.02 Simposio WFWP"},"content":{"rendered":"\n<h3 class=\"wp-block-heading\">El 2 de noviembre de 2019, se celebr\u00f3 el Simposio WFWP.<\/h3>\n\n\n\n<h4 class=\"wp-block-heading\"> El lema del simposio es &#8220;La familia es la base de la construcci\u00f3n de una sociedad pac\u00edfica&#8221;.<\/h4>\n\n\n\n<figure class=\"wp-block-image size-large\"><img loading=\"lazy\" decoding=\"async\" width=\"1024\" height=\"323\" src=\"http:\/\/eradelamujer.org\/wp-content\/uploads\/2020\/03\/2019-11-07_001-1024x323.jpg\" alt=\"\" class=\"wp-image-144\" srcset=\"https:\/\/eradelamujer.org\/wp-content\/uploads\/2020\/03\/2019-11-07_001-1024x323.jpg 1024w, https:\/\/eradelamujer.org\/wp-content\/uploads\/2020\/03\/2019-11-07_001-300x95.jpg 300w, https:\/\/eradelamujer.org\/wp-content\/uploads\/2020\/03\/2019-11-07_001-768x243.jpg 768w, https:\/\/eradelamujer.org\/wp-content\/uploads\/2020\/03\/2019-11-07_001-1536x485.jpg 1536w, https:\/\/eradelamujer.org\/wp-content\/uploads\/2020\/03\/2019-11-07_001.jpg 1900w\" sizes=\"auto, (max-width: 1024px) 100vw, 1024px\" \/><\/figure>\n\n\n\n<p>Un total de 70 invitados participaron en la actividad.<br> Al evento asistieron dos panelistas y explicaron c\u00f3mo funciona la organizaci\u00f3n para contribuir a la sociedad como el tema del evento.<\/p>\n\n\n\n<p><\/p>\n\n\n\n<h3 class=\"wp-block-heading\">Panelista<\/h3>\n\n\n\n<figure class=\"wp-block-image size-large\"><img loading=\"lazy\" decoding=\"async\" width=\"1024\" height=\"768\" src=\"http:\/\/eradelamujer.org\/wp-content\/uploads\/2020\/03\/\u30d5\u30ea\u30a2\u30fb\u30ed\u30cf\u30b9\u5973\u53f2-1024x768.jpg\" alt=\"\" class=\"wp-image-289\" srcset=\"https:\/\/eradelamujer.org\/wp-content\/uploads\/2020\/03\/\u30d5\u30ea\u30a2\u30fb\u30ed\u30cf\u30b9\u5973\u53f2-1024x768.jpg 1024w, https:\/\/eradelamujer.org\/wp-content\/uploads\/2020\/03\/\u30d5\u30ea\u30a2\u30fb\u30ed\u30cf\u30b9\u5973\u53f2-300x225.jpg 300w, https:\/\/eradelamujer.org\/wp-content\/uploads\/2020\/03\/\u30d5\u30ea\u30a2\u30fb\u30ed\u30cf\u30b9\u5973\u53f2-768x576.jpg 768w, https:\/\/eradelamujer.org\/wp-content\/uploads\/2020\/03\/\u30d5\u30ea\u30a2\u30fb\u30ed\u30cf\u30b9\u5973\u53f2.jpg 1032w\" sizes=\"auto, (max-width: 1024px) 100vw, 1024px\" \/><figcaption>  <strong>Sra. Julia Rojas<\/strong>  <\/figcaption><\/figure>\n\n\n\n<p><strong>Sra. Julia Rojas, Presidenta de Heredia.  <\/strong><br><\/p>\n\n\n\n<p>Pensando desde una posici\u00f3n en la que se ha alimentado a trav\u00e9s de la solidaridad y los valores correctos entre las mujeres, y ha estado ense\u00f1ando durante 10 a\u00f1os para convertirse en uno para el proyecto.<br> \u00a0 Nos dijo que no deber\u00edamos dedicar tiempo a divirnos sino fortalecer la conecci\u00f3n.<\/p>\n\n\n\n<figure class=\"wp-block-image size-large\"><img loading=\"lazy\" decoding=\"async\" width=\"1024\" height=\"768\" src=\"http:\/\/eradelamujer.org\/wp-content\/uploads\/2020\/03\/2019-11-07-at-9.37.39-PM-1024x768.jpeg\" alt=\"\" class=\"wp-image-145\" srcset=\"https:\/\/eradelamujer.org\/wp-content\/uploads\/2020\/03\/2019-11-07-at-9.37.39-PM-1024x768.jpeg 1024w, https:\/\/eradelamujer.org\/wp-content\/uploads\/2020\/03\/2019-11-07-at-9.37.39-PM-300x225.jpeg 300w, https:\/\/eradelamujer.org\/wp-content\/uploads\/2020\/03\/2019-11-07-at-9.37.39-PM-768x576.jpeg 768w, https:\/\/eradelamujer.org\/wp-content\/uploads\/2020\/03\/2019-11-07-at-9.37.39-PM.jpeg 1032w\" sizes=\"auto, (max-width: 1024px) 100vw, 1024px\" \/><figcaption>  <strong>Sra.Maria Elena<\/strong>  <\/figcaption><\/figure>\n\n\n\n<p>  <\/p>\n\n\n\n<p> <strong>Sra.Maria Elena: abogada y experiencia de la madre<\/strong> <br>Se especializa en derecho de familia. Las mujeres hablaron sobre el empoderamiento que contribuye a la familia, la comunidad, el lugar de trabajo y el lugar de actividad.<\/p>\n\n\n\n<h3 class=\"wp-block-heading\">Conferencia<\/h3>\n\n\n\n<figure class=\"wp-block-image size-large\"><img loading=\"lazy\" decoding=\"async\" width=\"1024\" height=\"768\" src=\"http:\/\/eradelamujer.org\/wp-content\/uploads\/2020\/03\/2019-11-07-at-9.37.44-PM-1024x768.jpeg\" alt=\"\" class=\"wp-image-147\" srcset=\"https:\/\/eradelamujer.org\/wp-content\/uploads\/2020\/03\/2019-11-07-at-9.37.44-PM-1024x768.jpeg 1024w, https:\/\/eradelamujer.org\/wp-content\/uploads\/2020\/03\/2019-11-07-at-9.37.44-PM-300x225.jpeg 300w, https:\/\/eradelamujer.org\/wp-content\/uploads\/2020\/03\/2019-11-07-at-9.37.44-PM-768x576.jpeg 768w, https:\/\/eradelamujer.org\/wp-content\/uploads\/2020\/03\/2019-11-07-at-9.37.44-PM.jpeg 1032w\" sizes=\"auto, (max-width: 1024px) 100vw, 1024px\" \/><figcaption> <br> Rev.DaeHeeHong <\/figcaption><\/figure>\n\n\n\n<p> El invitado fue recibido por la Paz Mundial y la Federaci\u00f3n de l\u00edderes de Am\u00e9rica Central y del Sur, el Rev. DaeHeeHong que nos di\u00f3 su conferencia.<\/p>\n\n\n\n<h3 class=\"wp-block-heading\">Felicidades<\/h3>\n\n\n\n<figure class=\"wp-block-image size-large\"><img loading=\"lazy\" decoding=\"async\" width=\"1024\" height=\"768\" src=\"http:\/\/eradelamujer.org\/wp-content\/uploads\/2020\/03\/2019-11-07-at-9.37.41-PM-1024x768.jpeg\" alt=\"\" class=\"wp-image-146\" srcset=\"https:\/\/eradelamujer.org\/wp-content\/uploads\/2020\/03\/2019-11-07-at-9.37.41-PM-1024x768.jpeg 1024w, https:\/\/eradelamujer.org\/wp-content\/uploads\/2020\/03\/2019-11-07-at-9.37.41-PM-300x225.jpeg 300w, https:\/\/eradelamujer.org\/wp-content\/uploads\/2020\/03\/2019-11-07-at-9.37.41-PM-768x576.jpeg 768w, https:\/\/eradelamujer.org\/wp-content\/uploads\/2020\/03\/2019-11-07-at-9.37.41-PM.jpeg 1032w\" sizes=\"auto, (max-width: 1024px) 100vw, 1024px\" \/><figcaption> Sra.Nobumi Shiratori  WFWP L\u00edder de proyecto de Jap\u00f3n Costa Rica <\/figcaption><\/figure>\n\n\n\n<p> El l\u00edder del proyecto WFWP Jap\u00f3n Costa Rica, Sra.Nobumi Shiratori, felicit\u00f3.<\/p>\n\n\n\n<h3 class=\"wp-block-heading\">Entretenimiento <\/h3>\n\n\n\n<figure class=\"wp-block-image size-large\"><img loading=\"lazy\" decoding=\"async\" width=\"600\" height=\"204\" src=\"http:\/\/eradelamujer.org\/wp-content\/uploads\/2020\/03\/\u8e0a\u308a.jpg\" alt=\"\" class=\"wp-image-293\" srcset=\"https:\/\/eradelamujer.org\/wp-content\/uploads\/2020\/03\/\u8e0a\u308a.jpg 600w, https:\/\/eradelamujer.org\/wp-content\/uploads\/2020\/03\/\u8e0a\u308a-300x102.jpg 300w\" sizes=\"auto, (max-width: 600px) 100vw, 600px\" \/><figcaption>Grupo:Al Son de la Vida<\/figcaption><\/figure>\n\n\n\n<p>Hubo una presentaci\u00f3n cultural y entretenimiento por el Grupo Al Son de la Vida.<\/p>\n\n\n\n<h3 class=\"wp-block-heading\">Estado del ambiente<\/h3>\n\n\n\n<figure class=\"wp-block-image size-large\"><img loading=\"lazy\" decoding=\"async\" width=\"544\" height=\"406\" src=\"http:\/\/eradelamujer.org\/wp-content\/uploads\/2020\/03\/\u4f1a\u5834\u306e\u69d8\u5b50.jpg\" alt=\"\" class=\"wp-image-294\" srcset=\"https:\/\/eradelamujer.org\/wp-content\/uploads\/2020\/03\/\u4f1a\u5834\u306e\u69d8\u5b50.jpg 544w, https:\/\/eradelamujer.org\/wp-content\/uploads\/2020\/03\/\u4f1a\u5834\u306e\u69d8\u5b50-300x224.jpg 300w\" sizes=\"auto, (max-width: 544px) 100vw, 544px\" \/><figcaption>Estado del lugar<\/figcaption><\/figure>\n","protected":false},"excerpt":{"rendered":"<p>El 2 de noviembre de 2019, se celebr\u00f3 el Simposio WFWP. El lema del simposio es &#8220;La familia es la base de la construcci\u00f3n de una sociedad pac\u00edfica&#8221;. Un total de 70 invitados participaron en la actividad. Al evento asistieron dos panelistas y explicaron c\u00f3mo funciona la organizaci\u00f3n para contribuir a la sociedad como el [&hellip;]<\/p>\n","protected":false},"author":1,"featured_media":0,"parent":0,"menu_order":0,"comment_status":"closed","ping_status":"closed","template":"","meta":{"_locale":"es_CR","_original_post":"http:\/\/eradelamujer.org\/?page_id=152","footnotes":""},"class_list":["post-300","page","type-page","status-publish","hentry","es-CR"],"_links":{"self":[{"href":"https:\/\/eradelamujer.org\/index.php?rest_route=\/wp\/v2\/pages\/300","targetHints":{"allow":["GET"]}}],"collection":[{"href":"https:\/\/eradelamujer.org\/index.php?rest_route=\/wp\/v2\/pages"}],"about":[{"href":"https:\/\/eradelamujer.org\/index.php?rest_route=\/wp\/v2\/types\/page"}],"author":[{"embeddable":true,"href":"https:\/\/eradelamujer.org\/index.php?rest_route=\/wp\/v2\/users\/1"}],"replies":[{"embeddable":true,"href":"https:\/\/eradelamujer.org\/index.php?rest_route=%2Fwp%2Fv2%2Fcomments&post=300"}],"version-history":[{"count":3,"href":"https:\/\/eradelamujer.org\/index.php?rest_route=\/wp\/v2\/pages\/300\/revisions"}],"predecessor-version":[{"id":619,"href":"https:\/\/eradelamujer.org\/index.php?rest_route=\/wp\/v2\/pages\/300\/revisions\/619"}],"wp:attachment":[{"href":"https:\/\/eradelamujer.org\/index.php?rest_route=%2Fwp%2Fv2%2Fmedia&parent=300"}],"curies":[{"name":"wp","href":"https:\/\/api.w.org\/{rel}","templated":true}]}}

<h3 class="wp-block-heading">El 2 de noviembre de 2019, se celebró el Simposio WFWP.</h3>



<h4 class="wp-block-heading"> El lema del simposio es &#8220;La familia es la base de la construcción de una sociedad pacífica&#8221;.</h4>



<figure class="wp-block-image size-large"><img loading="lazy" decoding="async" width="1024" height="323" src="http://eradelamujer.org/wp-content/uploads/2020/03/2019-11-07_001-1024x323.jpg" alt="" class="wp-image-144" srcset="https://eradelamujer.org/wp-content/uploads/2020/03/2019-11-07_001-1024x323.jpg 1024w, https://eradelamujer.org/wp-content/uploads/2020/03/2019-11-07_001-300x95.jpg 300w, https://eradelamujer.org/wp-content/uploads/2020/03/2019-11-07_001-768x243.jpg 768w, https://eradelamujer.org/wp-content/uploads/2020/03/2019-11-07_001-1536x485.jpg 1536w, https://eradelamujer.org/wp-content/uploads/2020/03/2019-11-07_001.jpg 1900w" sizes="auto, (max-width: 1024px) 100vw, 1024px" /></figure>



<p>Un total de 70 invitados participaron en la actividad.<br> Al evento asistieron dos panelistas y explicaron cómo funciona la organización para contribuir a la sociedad como el tema del evento.</p>



<p></p>



<h3 class="wp-block-heading">Panelista</h3>



<figure class="wp-block-image size-large"><img loading="lazy" decoding="async" width="1024" height="768" src="http://eradelamujer.org/wp-content/uploads/2020/03/フリア・ロハス女史-1024x768.jpg" alt="" class="wp-image-289" srcset="https://eradelamujer.org/wp-content/uploads/2020/03/フリア・ロハス女史-1024x768.jpg 1024w, https://eradelamujer.org/wp-content/uploads/2020/03/フリア・ロハス女史-300x225.jpg 300w, https://eradelamujer.org/wp-content/uploads/2020/03/フリア・ロハス女史-768x576.jpg 768w, https://eradelamujer.org/wp-content/uploads/2020/03/フリア・ロハス女史.jpg 1032w" sizes="auto, (max-width: 1024px) 100vw, 1024px" /><figcaption>  <strong>Sra. Julia Rojas</strong>  </figcaption></figure>



<p><strong>Sra. Julia Rojas, Presidenta de Heredia.  </strong><br></p>



<p>Pensando desde una posición en la que se ha alimentado a través de la solidaridad y los valores correctos entre las mujeres, y ha estado enseñando durante 10 años para convertirse en uno para el proyecto.<br>   Nos dijo que no deberíamos dedicar tiempo a divirnos sino fortalecer la conección.</p>



<figure class="wp-block-image size-large"><img loading="lazy" decoding="async" width="1024" height="768" src="http://eradelamujer.org/wp-content/uploads/2020/03/2019-11-07-at-9.37.39-PM-1024x768.jpeg" alt="" class="wp-image-145" srcset="https://eradelamujer.org/wp-content/uploads/2020/03/2019-11-07-at-9.37.39-PM-1024x768.jpeg 1024w, https://eradelamujer.org/wp-content/uploads/2020/03/2019-11-07-at-9.37.39-PM-300x225.jpeg 300w, https://eradelamujer.org/wp-content/uploads/2020/03/2019-11-07-at-9.37.39-PM-768x576.jpeg 768w, https://eradelamujer.org/wp-content/uploads/2020/03/2019-11-07-at-9.37.39-PM.jpeg 1032w" sizes="auto, (max-width: 1024px) 100vw, 1024px" /><figcaption>  <strong>Sra.Maria Elena</strong>  </figcaption></figure>



<p>  </p>



<p> <strong>Sra.Maria Elena: abogada y experiencia de la madre</strong> <br>Se especializa en derecho de familia. Las mujeres hablaron sobre el empoderamiento que contribuye a la familia, la comunidad, el lugar de trabajo y el lugar de actividad.</p>



<h3 class="wp-block-heading">Conferencia</h3>



<figure class="wp-block-image size-large"><img loading="lazy" decoding="async" width="1024" height="768" src="http://eradelamujer.org/wp-content/uploads/2020/03/2019-11-07-at-9.37.44-PM-1024x768.jpeg" alt="" class="wp-image-147" srcset="https://eradelamujer.org/wp-content/uploads/2020/03/2019-11-07-at-9.37.44-PM-1024x768.jpeg 1024w, https://eradelamujer.org/wp-content/uploads/2020/03/2019-11-07-at-9.37.44-PM-300x225.jpeg 300w, https://eradelamujer.org/wp-content/uploads/2020/03/2019-11-07-at-9.37.44-PM-768x576.jpeg 768w, https://eradelamujer.org/wp-content/uploads/2020/03/2019-11-07-at-9.37.44-PM.jpeg 1032w" sizes="auto, (max-width: 1024px) 100vw, 1024px" /><figcaption> <br> Rev.DaeHeeHong </figcaption></figure>



<p> El invitado fue recibido por la Paz Mundial y la Federación de líderes de América Central y del Sur, el Rev. DaeHeeHong que nos dió su conferencia.</p>



<h3 class="wp-block-heading">Felicidades</h3>



<figure class="wp-block-image size-large"><img loading="lazy" decoding="async" width="1024" height="768" src="http://eradelamujer.org/wp-content/uploads/2020/03/2019-11-07-at-9.37.41-PM-1024x768.jpeg" alt="" class="wp-image-146" srcset="https://eradelamujer.org/wp-content/uploads/2020/03/2019-11-07-at-9.37.41-PM-1024x768.jpeg 1024w, https://eradelamujer.org/wp-content/uploads/2020/03/2019-11-07-at-9.37.41-PM-300x225.jpeg 300w, https://eradelamujer.org/wp-content/uploads/2020/03/2019-11-07-at-9.37.41-PM-768x576.jpeg 768w, https://eradelamujer.org/wp-content/uploads/2020/03/2019-11-07-at-9.37.41-PM.jpeg 1032w" sizes="auto, (max-width: 1024px) 100vw, 1024px" /><figcaption> Sra.Nobumi Shiratori  WFWP Líder de proyecto de Japón Costa Rica </figcaption></figure>



<p> El líder del proyecto WFWP Japón Costa Rica, Sra.Nobumi Shiratori, felicitó.</p>



<h3 class="wp-block-heading">Entretenimiento </h3>



<figure class="wp-block-image size-large"><img loading="lazy" decoding="async" width="600" height="204" src="http://eradelamujer.org/wp-content/uploads/2020/03/踊り.jpg" alt="" class="wp-image-293" srcset="https://eradelamujer.org/wp-content/uploads/2020/03/踊り.jpg 600w, https://eradelamujer.org/wp-content/uploads/2020/03/踊り-300x102.jpg 300w" sizes="auto, (max-width: 600px) 100vw, 600px" /><figcaption>Grupo:Al Son de la Vida</figcaption></figure>



<p>Hubo una presentación cultural y entretenimiento por el Grupo Al Son de la Vida.</p>



<h3 class="wp-block-heading">Estado del ambiente</h3>



<figure class="wp-block-image size-large"><img loading="lazy" decoding="async" width="544" height="406" src="http://eradelamujer.org/wp-content/uploads/2020/03/会場の様子.jpg" alt="" class="wp-image-294" srcset="https://eradelamujer.org/wp-content/uploads/2020/03/会場の様子.jpg 544w, https://eradelamujer.org/wp-content/uploads/2020/03/会場の様子-300x224.jpg 300w" sizes="auto, (max-width: 544px) 100vw, 544px" /><figcaption>Estado del lugar</figcaption></figure>

<p>El 2 de noviembre de 2019, se celebró el Simposio WFWP. El lema del simposio es &#8220;La familia es la base de la construcción de una sociedad pacífica&#8221;. Un total de 70 invitados participaron en la actividad. Al evento asistieron dos panelistas y explicaron cómo funciona la organización para contribuir a la sociedad como el [&hellip;]</p>
